-o - 263. Calculate the remainder when f is divided by (117/15 + -3)*(-45)/(-12).
16
Let r be 1 - (-2 + 5)/3. Suppose i + 22 = a, a - 2*i = -r*a + 24. What is the remainder when 1/(6 - 461/77) is divided by a?
17
What is the remainder when ((-434)/(-63))/((-5)/(-45)) is divided by 49?
13
Let z = 273 - 248. Let l = -46 + 76. Suppose -l = -3*f - 9. Calculate the remainder when z is divided by f.
4
Let o be -2 - 1*(-2 - 0). Let l = 3 - o. Suppose 0 = 4*w + 3*i - 9 - 3, 4*w - 3*i - 12 = 0. Calculate the remainder when w is divided by l.
0
Let n(c) = c**3 + 2*c**2 + c - 24. Let o be n(0). Calculate the remainder when 26 is divided by 46/6 + o/36.
5
Suppose 5*l - 43 - 82 = 0. Let a(v) = -v + 2. Let w be a(-11). Let q = l - w. What is the remainder when 59 is divided by q?
11
Let w(c) = c**2 - 2*c - 1. Let u be w(4). Suppose -5*k - 4*a = u, -3*k + 5*a + 16 = -2*k. Let i = k - -10. What is the remainder when 20 is divided by i?
9
Suppose w - 4 + 15 = 4*o, 5*o - 4*w = 0. Suppose -x - 6 = -o*x. Suppose 2*k + 92 = v + 39, -2*v = x*k - 82. What is the remainder when v is divided by 16?
13
Let r(w) = 15*w + 13. Let s(i) = 4*i + 3. Let x(a) = 4*r(a) - 18*s(a). Let g(o) = 13*o - 10. What is the remainder when g(4) is divided by x(-2)?
20
Suppose -173*x - 140 = -178*x. Calculate the remainder when x is divided by 27.
1
Suppose 5*m = -5*t + 35, -5*m + 12 + 3 = t. Suppose 3*b + 26 = t*b. What is the remainder when ((-74)/(-4))/(8/16) is divided by b?
11
Suppose 51 + 21 = 4*l. Let v = 59 + -34. Suppose v = 3*j - 176. What is the remainder when j is divided by l?
13
Let l(y) = -9*y + 103. Calculate the remainder when 149 is divided by l(7).
29
Let a(l) = l**2 + 5*l. Let g be a(-9). Suppose -4 = -5*p + g. What is the remainder when 21 is divided by p?
5
Suppose 5*j + i - 252 = 0, -i - 4 + 1 = 0. Calculate the remainder when j is divided by 18.
15
Suppose -113*s - 210 = -120*s. Calculate the remainder when 358 is divided by s.
28
Suppose -12 = -2*h + 5*a, -4*h + h + a + 44 = 0. Let d(g) = 5*g - 10. Suppose -i - 4*i = -20. What is the remainder when h is divided by d(i)?
6
Let j = 41 + -36. Suppose -j*y - 2*y = -56. Calculate the remainder when 11 is divided by y.
3
Let t = 9 + -9. Suppose 5*h - 35 + t = 0. Calculate the remainder when 11 is divided by h.
4
Let d = -2 - 0. Let k(r) = -r**3 + 6*r**2 - r + 9. Let i be k(6). What is the remainder when 11 is divided by i/(12/(-4))*d?
1
Suppose 6*n = 3*n - 5*i + 94, -5*n + 202 = -3*i. Suppose 99*m + 1184 = 115*m. What is the remainder when m is divided by n?
36
Suppose 0 = 9*i - 24 - 3. Suppose 2*b + 5*l + 4 = 7, 2*l - 32 = -i*b. What is the remainder when 96 is divided by b?
12
Let t(a) = 135*a - 715. Calculate the remainder when 290 is divided by t(6).
5
Let k(u) = -2*u + 35 + 4*u - 4*u. Calculate the remainder when 45 is divided by k(9).
11
Let g(s) = 198*s - 974. Calculate the remainder when 249 is divided by g(5).
9
Suppose -3*h - 248 + 5 = -j, -3*j + h + 737 = 0. What is the remainder when j is divided by 63?
57
Suppose -206 = -7*a + 46. Calculate the remainder when 103 is divided by a.
31
Let q(z) = -9*z + 16*z - 6*z + 53 - 4*z. Let c(g) = g**2 - 4*g - 6. What is the remainder when q(13) is divided by c(6)?
2
Suppose 0 = -2*j - 0 + 6. Suppose 5*z = -2*h + 1 + 29, 0 = -j*h + 15. Calculate the remainder when 13 is divided by z.
1
Let m(t) = 3*t**2 - 5*t + 4. Suppose 3*w = 5*i - 24, 0 = 2*i - 0*w + 4*w + 6. Suppose -38 = -i*s + 55. What is the remainder when s is divided by m(3)?
15
Let k = -30 + 46. Suppose h - 7 = -3*m, -4*h + 8 = -4*m - 4. Calculate the remainder when (493/(-51))/(m/(-3)) is divided by k.
13
Let o = 13 + 5. Let x be o*(-3 + (6 - 4)). Let j = x - -45. Calculate the remainder when 53 is divided by j.
26
Let u(t) = t**3 - 11*t**2 + 10*t. Let r be u(10). Suppose -5*g + 0*g + 20 = r. Let i = g + 18. What is the remainder when 86 is divided by i?
20
Suppose 1620 - 4020 = -16*a. Calculate the remainder when a is divided by 22.
18
Suppose -12 = -4*g, 5*g - 45 = -4*q + 326. What is the remainder when q is divided by 6?
5
Let j = -356 - -378. Calculate the remainder when 84 is divided by j.
18
Let f(w) = w**2 + w - 2. Let x be f(-3). Suppose 0 = -3*l - 2*o - 384, -2*l + 2*o - 526 = 2*l. Calculate the remainder when 16 is divided by x/26 - 760/l.
4
Let m be (1*(-3 + 2))/((-1)/(-77)). Let h = m + 106. What is the remainder when 80 is divided by h?
22
Suppose -2*k - 2*o = -7*o - 117, k - o = 54. Suppose 3*n - 243 = -87. Suppose 4*y - 8*y = -n. Calculate the remainder when k is divided by y.
12
Let y(l) = -l**2 + 24*l + 18. Let t(h) = 19*h**3 + h**2 + h - 2. Let u be t(2). Suppose 5*z - u = 2*z. What is the remainder when z is divided by y(24)?
16
Suppose 132 = -0*x + 4*x. Suppose 0 = 5*h - p - 647, -3*h + 12*p - 13*p + 385 = 0. Calculate the remainder when h is divided by x.
30
Suppose r + 0*r = -70. Let j = r - -46. Let t = 49 + j. Calculate the remainder when t is divided by 9.
7
Suppose i + 3 = -19. Let w = i + 59. Calculate the remainder when 182 is divided by w.
34
Let v = -48 + 111. Suppose 115 - 493 = -6*y. Suppose -2*i + y = 3*a, 2*i + 0*i - 2*a = 68. What is the remainder when v is divided by i?
30
Calculate the remainder when ((-46)/(-2))/(2/4) is divided by (4*7/42)/(4/96).
14
Let g = 59 + -49. What is the remainder when 29 is divided by g?
9
Let h(j) = 7*j + 4. Let o be h(-6). Let c = -33 - -62. Calculate the remainder when c is divided by (-475)/o + 3/(-2).
7
Suppose -4*s + 78 + 69 = -a, -2*s = 4*a - 96. Calculate the remainder when 55 is divided by s.
17
Suppose -17*p + 178 = 8. What is the remainder when 44 is divided by p?
4
Let g(i) = -3*i + 11. Let u be (-15 - -14)/(1/5). Calculate the remainder when 128 is divided by g(u).
24
Suppose 2*w + w = 9, 4*w = 3*l + 3. Let z(f) = 3*f**2 + 3*f - 2. Calculate the remainder when (-21)/2*(-22)/l is divided by z(-3).
13
Let k = 53 + -49. Let a = 1 + 9. Let v(n) = n + 12. What is the remainder when v(a) is divided by k?
2
Let o(r) = r**3 - 5*r**2 + 5*r + 3. Let y be o(4). Suppose -y = s - 3. What is the remainder when 160/(-12)*9/s is divided by 11?
8
Let b(w) = -2*w**2 - 21*w + 14. Let j be b(-11). Suppose 3*v = -m + 46, 22 = -6*v + 7*v - j*m. Calculate the remainder when v is divided by (-1)/3 + (-38)/(-6).
4
Let o be (-7)/14*(-24)/(-2 + 5). Suppose -55 = -o*w - w. What is the remainder when w is divided by 7?
4
Calculate the remainder when -1 - (8*-19 - 6) is divided by 15.
7
Suppose a - 2 = 0, -9*u - 4*a + 1079 = -8*u. Calculate the remainder when u is divided by 29.
27
Let z(h) = 4*h + 7 + h**2 - 2 + 4*h + 2. Calculate the remainder when z(-8) is divided by 3.
1
Suppose g = -3*z + 4*g + 102, 3*z + 3*g = 120. Calculate the remainder when z is divided by 17 - 4/(32/72).
5
Let u = -216 + 470. What is the remainder when u is divided by 73?
35
Calculate the remainder when (0 + 132/(-55))*(-70)/4 is divided by 15.
12
Suppose -42 = -2*j + j. Calculate the remainder when -1 - (-1 - (253 + -4)) is divided by j.
39
Let t be 11/(-3)*(-42 + 6). Let g = 184 - t. Calculate the remainder when g is divided by 18.
16
Calculate the remainder when (-2)/(-2) - 2 - (-559 + -11) is divided by 11.
8
Suppose -25*s + 20*s - 700 = 0. Let z = -125 - s. Calculate the remainder when 40 is divided by z.
10
Suppose -5*b = -5*g, -2*b = -5*g + 2*g. Suppose g = 7*f - 19 + 5. Calculate the remainder when f is divided by 1.
0
Let o = 285 - 270. What is the remainder when 104 is divided by o?
14
Suppose 9*x - 5457 = 6468. What is the remainder when x is divided by 16?
13
Let y be 0 + (-1 - 2) - -7. Let i(k) = 5*k + 3. What is the remainder when i(y) is divided by 12?
11
Let v(g) = g**3 + 22*g**2 - 75*g - 71. What is the remainder when v(-24) is divided by 58?
55
Suppose 9*j - 288 + 63 = 0. Calculate the remainder when j is divided by 7.
4
Suppose 2*o = -2*c - 3*c + 2, c = -o + 4. Let k(f) = f**3 - f**2 - 4*f. What is the remainder when (-3)/((o/40)/(-1)) is divided by k(3)?
2
Suppose 6*t - t = 15. Suppose -i + t*i - 28 = 0. Let f = -55 + 58. What is the remainder when i is divided by f?
2
Let j = 430 + -277. Calculate the remainder when j is divided by 27.
18
Let v(m) = 19*m**2 + 3*m - 1. Calculate the remainder when v(4) is divided by 53.
50
Let f(p) = 2*p**3 + 79*p**2 - 39*p + 19